{"id":729,"date":"2026-04-15T10:15:04","date_gmt":"2026-04-15T08:15:04","guid":{"rendered":"https:\/\/kapital-noviny.sk\/eshop\/?post_type=product&#038;p=729"},"modified":"2026-04-24T12:03:58","modified_gmt":"2026-04-24T10:03:58","slug":"ako-pochopit-chudobu-ked-mate-peniaze-predpredaj","status":"publish","type":"product","link":"https:\/\/kapital-noviny.sk\/eshop\/produkt\/ako-pochopit-chudobu-ked-mate-peniaze-predpredaj\/","title":{"rendered":"Ako pochopi\u0165 chudobu, ke\u010f m\u00e1te peniaze. (Predpredaj)"},"content":{"rendered":"<p><b>O knihe<\/b>:<\/p>\n<p>Ako pochopi\u0165 chudobu, ke\u010f m\u00e1te peniaze<br \/>\nZa chudobu si m\u00f4\u017eete sami.<br \/>\nChudoba je len o nedostatku pe\u0148az\u00ed.<br \/>\nChudobn\u00ed \u013eudia robia hl\u00fape rozhodnutia, a sami si nimi \u0161kodia.<\/p>\n<p>Ke\u010f maj\u00fa v spolo\u010dnosti moc bohat\u00ed a vzdelan\u00ed, chudobe \u010dasto nerozumej\u00fa. Sp\u00f4soby, ak\u00fdmi ju chc\u00fa rie\u0161i\u0165, preto m\u00f4\u017eu by\u0165 kontraprodukt\u00edvne. Tim 'S Jongers v mladosti biedu za\u017eil. Po absolvovan\u00ed univerzity sa pustil do v\u00fdskumu chudoby a dnes navrhuje politick\u00e9 opatrenia, ako proti nej bojova\u0165. Pri svojom b\u00e1dan\u00ed zistil, \u017ee v\u00e4\u010d\u0161ina \u013eud\u00ed m\u00e1 o chudobe \u00faplne myln\u00e9 predstavy. Preto sa rozhodol nap\u00edsa\u0165 t\u00fato knihu: ak\u00fdsi r\u00fdchlokurz biedy pre \u013eud\u00ed s peniazmi. Ak toti\u017e chudobu nepochop\u00edme, nem\u00f4\u017eeme nad \u0148ou zv\u00ed\u0165azi\u0165.<\/p>\n<p>&nbsp;<\/p>\n<p><b>O autorovi<\/b>:<\/p>\n<p>Tim 'S Jongers (1981) je politol\u00f3g a expert v oblasti verejnej spr\u00e1vy. Na port\u00e1li De Correspondent publikuje texty o soci\u00e1lnych t\u00e9mach a \u0161pecializuje sa na problematiku chudoby. Titul Ako pochopi\u0165 chudobu, ke\u010f m\u00e1te peniaze si v Holandsku k\u00fapilo viac ako \u0161es\u0165desiattis\u00edc \u010ditate\u013eov.<\/p>\n","protected":false},"excerpt":{"rendered":"<p>O knihe:<\/p>\n<p>Ako pochopi\u0165 chudobu, ke\u010f m\u00e1te peniaze<br \/>&#8230;<\/p>\n","protected":false},"featured_media":731,"comment_status":"closed","ping_status":"closed","template":"","meta":{"_acf_changed":false,"_secondary_title":""},"product_brand":[],"product_cat":[23,33],"product_tag":[],"class_list":{"0":"post-729","1":"product","2":"type-product","3":"status-publish","4":"has-post-thumbnail","6":"product_cat-kniha","7":"product_cat-kptl","9":"first","10":"instock","11":"sale","12":"purchasable","13":"product-type-simple"},"acf":[],"_links":{"self":[{"href":"https:\/\/kapital-noviny.sk\/eshop\/wp-json\/wp\/v2\/product\/729","targetHints":{"allow":["GET"]}}],"collection":[{"href":"https:\/\/kapital-noviny.sk\/eshop\/wp-json\/wp\/v2\/product"}],"about":[{"href":"https:\/\/kapital-noviny.sk\/eshop\/wp-json\/wp\/v2\/types\/product"}],"replies":[{"embeddable":true,"href":"https:\/\/kapital-noviny.sk\/eshop\/wp-json\/wp\/v2\/comments?post=729"}],"wp:featuredmedia":[{"embeddable":true,"href":"https:\/\/kapital-noviny.sk\/eshop\/wp-json\/wp\/v2\/media\/731"}],"wp:attachment":[{"href":"https:\/\/kapital-noviny.sk\/eshop\/wp-json\/wp\/v2\/media?parent=729"}],"wp:term":[{"taxonomy":"product_brand","embeddable":true,"href":"https:\/\/kapital-noviny.sk\/eshop\/wp-json\/wp\/v2\/product_brand?post=729"},{"taxonomy":"product_cat","embeddable":true,"href":"https:\/\/kapital-noviny.sk\/eshop\/wp-json\/wp\/v2\/product_cat?post=729"},{"taxonomy":"product_tag","embeddable":true,"href":"https:\/\/kapital-noviny.sk\/eshop\/wp-json\/wp\/v2\/product_tag?post=729"}],"curies":[{"name":"wp","href":"https:\/\/api.w.org\/{rel}","templated":true}]}}