{"id":33,"date":"2020-02-13T22:07:19","date_gmt":"2020-02-13T21:07:19","guid":{"rendered":"https:\/\/kapital-noviny.sk\/eshop\/?post_type=product&#038;p=33"},"modified":"2024-12-28T10:14:15","modified_gmt":"2024-12-28T09:14:15","slug":"alfie-bown-playstation-svet-snov","status":"publish","type":"product","link":"https:\/\/kapital-noviny.sk\/eshop\/produkt\/alfie-bown-playstation-svet-snov\/","title":{"rendered":"Playstation &#8211; Svet snov"},"content":{"rendered":"<div class=\"woocommerce-product-details__short-description\">\n<p>\"Po\u010d\u00edta\u010dov\u00e9 hry nepochop\u00edme pomocou anal\u00fdzy na\u0161ej spolo\u010denskej reality, pr\u00e1ve naopak: ak chceme pochopi\u0165, ako funguje na\u0161a spolo\u010dnos\u0165, mus\u00edme pozna\u0165 hry. A Alfie Bown to rob\u00ed na takej vysokej \u00farovni, \u017ee stvoril okam\u017eit\u00fa klasiku, knihu, ktor\u00fa si mus\u00ed pre\u010d\u00edta\u0165 ka\u017ed\u00fd, kto sa chce vyzna\u0165 v na\u0161om zm\u00e4tenom spolo\u010denskom svete. Playstation Svet snov sa ned\u00e1 pusti\u0165 z ruky. Ke\u010f ju raz za\u010dnete \u010d\u00edta\u0165, stanete sa na nej z\u00e1visl\u00fd... tak ako na dobrej po\u010d\u00edta\u010dovej hre!\"<\/p>\n<p>Slavoj \u017di\u017eek.<\/p>\n<\/div>\n","protected":false},"excerpt":{"rendered":"<p>&#8222;Po\u010d\u00edta\u010dov\u00e9 hry nepochop\u00edme pomocou anal\u00fdzy na\u0161ej spolo\u010denskej reality, pr\u00e1ve naopak: ak chceme pochopi\u0165&#8230;<\/p>\n","protected":false},"featured_media":73,"comment_status":"closed","ping_status":"closed","template":"","meta":{"_acf_changed":false,"_secondary_title":""},"product_brand":[],"product_cat":[23,33],"product_tag":[],"class_list":{"0":"post-33","1":"product","2":"type-product","3":"status-publish","4":"has-post-thumbnail","6":"product_cat-kniha","7":"product_cat-kptl","9":"first","10":"outofstock","11":"purchasable","12":"product-type-simple"},"acf":[],"_links":{"self":[{"href":"https:\/\/kapital-noviny.sk\/eshop\/wp-json\/wp\/v2\/product\/33","targetHints":{"allow":["GET"]}}],"collection":[{"href":"https:\/\/kapital-noviny.sk\/eshop\/wp-json\/wp\/v2\/product"}],"about":[{"href":"https:\/\/kapital-noviny.sk\/eshop\/wp-json\/wp\/v2\/types\/product"}],"replies":[{"embeddable":true,"href":"https:\/\/kapital-noviny.sk\/eshop\/wp-json\/wp\/v2\/comments?post=33"}],"wp:featuredmedia":[{"embeddable":true,"href":"https:\/\/kapital-noviny.sk\/eshop\/wp-json\/wp\/v2\/media\/73"}],"wp:attachment":[{"href":"https:\/\/kapital-noviny.sk\/eshop\/wp-json\/wp\/v2\/media?parent=33"}],"wp:term":[{"taxonomy":"product_brand","embeddable":true,"href":"https:\/\/kapital-noviny.sk\/eshop\/wp-json\/wp\/v2\/product_brand?post=33"},{"taxonomy":"product_cat","embeddable":true,"href":"https:\/\/kapital-noviny.sk\/eshop\/wp-json\/wp\/v2\/product_cat?post=33"},{"taxonomy":"product_tag","embeddable":true,"href":"https:\/\/kapital-noviny.sk\/eshop\/wp-json\/wp\/v2\/product_tag?post=33"}],"curies":[{"name":"wp","href":"https:\/\/api.w.org\/{rel}","templated":true}]}}