{"id":27,"date":"2019-12-13T22:07:18","date_gmt":"2019-12-13T21:07:18","guid":{"rendered":"https:\/\/kapital-noviny.sk\/eshop\/?post_type=product&#038;p=27"},"modified":"2024-12-28T09:52:49","modified_gmt":"2024-12-28T08:52:49","slug":"neviditelna-staroba-txt","status":"publish","type":"product","link":"https:\/\/kapital-noviny.sk\/eshop\/produkt\/neviditelna-staroba-txt\/","title":{"rendered":"Nevidite\u013en\u00e1 staroba.txt"},"content":{"rendered":"<p>Zbierka textov Nevidite\u013en\u00e1 staroba.txt prostredn\u00edctvom troch prekladov\u00fdch i autorsk\u00fdch textov Linn Sandberg, Jolany Novotnej, Marlene Goldman, May Chazan a Melissy Baldwin odha\u013euje jednu z najmenej vidite\u013en\u00fdch s\u00fa\u010dast\u00ed \u017eivota vo vy\u0161\u0161om veku - pre\u017e\u00edvanie sexuality a sexu\u00e1lnych vz\u0165ahov. Vyvracia m\u00fdty o asexu\u00e1lnosti star\u00fdch \u013eud\u00ed a ukazuje, \u017ee sexualita vo vy\u0161\u0161om veku je tvoren\u00e1 \u0161irokou paletou erotick\u00fdch i emancipa\u010dn\u00fdch v\u00fdrazov.<\/p>\n<p>Ed\u00edcia .txt prin\u00e1\u0161a s\u00fabor prekladov v\u00fdznamn\u00fdch svetov\u00fdch mysliteliek a myslite\u013eov, ako aj p\u00f4vodn\u00fdch slovensk\u00fdch \u010di \u010desk\u00fdch textov, ktor\u00e9 promptne reaguj\u00fa na najnov\u0161ie filozofick\u00e9, kult\u00farne, umeleck\u00e9 a spolo\u010densk\u00e9 fenom\u00e9ny. Tieto eseje sa pohybuj\u00fa na pomedz\u00ed akademick\u00e9ho a umeleck\u00e9ho v\u00fdskumu a anga\u017eovanej praxe akt\u00edvne sa zap\u00e1jaj\u00fa do spolo\u010denskej debaty, exponuj\u00fa probl\u00e9my, ktor\u00e9 ich tr\u00e1pia; ich hlas nie je tich\u00fd a rezignovan\u00fd, je v\u00fdrazn\u00fd a naliehav\u00fd. Pr\u00e1ve pre tieto hlasy chce by\u0165 ed\u00edcia .txt otvorenou platformou.<\/p>\n","protected":false},"excerpt":{"rendered":"<p>Zbierka textov Nevidite\u013en\u00e1 staroba.txt prostredn\u00edctvom troch prekladov\u00fdch i autorsk\u00fdch textov Linn Sandberg&#8230;<\/p>\n","protected":false},"featured_media":58,"comment_status":"closed","ping_status":"closed","template":"","meta":{"_acf_changed":false,"_secondary_title":""},"product_brand":[],"product_cat":[20,21,22,23,33],"product_tag":[],"class_list":{"0":"post-27","1":"product","2":"type-product","3":"status-publish","4":"has-post-thumbnail","6":"product_cat-txt","7":"product_cat-apart","8":"product_cat-display","9":"product_cat-kniha","10":"product_cat-kptl","12":"first","13":"outofstock","14":"purchasable","15":"product-type-simple"},"acf":[],"_links":{"self":[{"href":"https:\/\/kapital-noviny.sk\/eshop\/wp-json\/wp\/v2\/product\/27","targetHints":{"allow":["GET"]}}],"collection":[{"href":"https:\/\/kapital-noviny.sk\/eshop\/wp-json\/wp\/v2\/product"}],"about":[{"href":"https:\/\/kapital-noviny.sk\/eshop\/wp-json\/wp\/v2\/types\/product"}],"replies":[{"embeddable":true,"href":"https:\/\/kapital-noviny.sk\/eshop\/wp-json\/wp\/v2\/comments?post=27"}],"wp:featuredmedia":[{"embeddable":true,"href":"https:\/\/kapital-noviny.sk\/eshop\/wp-json\/wp\/v2\/media\/58"}],"wp:attachment":[{"href":"https:\/\/kapital-noviny.sk\/eshop\/wp-json\/wp\/v2\/media?parent=27"}],"wp:term":[{"taxonomy":"product_brand","embeddable":true,"href":"https:\/\/kapital-noviny.sk\/eshop\/wp-json\/wp\/v2\/product_brand?post=27"},{"taxonomy":"product_cat","embeddable":true,"href":"https:\/\/kapital-noviny.sk\/eshop\/wp-json\/wp\/v2\/product_cat?post=27"},{"taxonomy":"product_tag","embeddable":true,"href":"https:\/\/kapital-noviny.sk\/eshop\/wp-json\/wp\/v2\/product_tag?post=27"}],"curies":[{"name":"wp","href":"https:\/\/api.w.org\/{rel}","templated":true}]}}